{"id":8430,"date":"2025-12-18T16:04:10","date_gmt":"2025-12-18T16:04:10","guid":{"rendered":"https:\/\/museurealcompanhiavelha.pt\/?post_type=museum&#038;p=8430"},"modified":"2026-04-01T10:51:46","modified_gmt":"2026-04-01T10:51:46","slug":"aguarela-cachao-da-valeira-antes-da-demolicao","status":"publish","type":"museum","link":"https:\/\/museurealcompanhiavelha.pt\/en\/museum\/aguarela-cachao-da-valeira-antes-da-demolicao\/","title":{"rendered":"Cach\u00e3o da Valeira (before being demolished)"},"content":{"rendered":"<h4 class=\"wp-block-heading has-text-color\" style=\"color:#ad9a6d\">Object of the Month \u2013 December, 2020<\/h4>\n\n\n\n<figure class=\"wp-block-image size-full\"><img fetchpriority=\"high\" decoding=\"async\" width=\"886\" height=\"354\" src=\"https:\/\/museurealcompanhiavelha.pt\/wp-content\/uploads\/2025\/12\/image-11.png\" alt=\"\" class=\"wp-image-8431\" title=\"\" srcset=\"https:\/\/museurealcompanhiavelha.pt\/wp-content\/uploads\/2025\/12\/image-11.png 886w, https:\/\/museurealcompanhiavelha.pt\/wp-content\/uploads\/2025\/12\/image-11-300x120.png 300w, https:\/\/museurealcompanhiavelha.pt\/wp-content\/uploads\/2025\/12\/image-11-768x307.png 768w, https:\/\/museurealcompanhiavelha.pt\/wp-content\/uploads\/2025\/12\/image-11-18x7.png 18w, https:\/\/museurealcompanhiavelha.pt\/wp-content\/uploads\/2025\/12\/image-11-415x166.png 415w, https:\/\/museurealcompanhiavelha.pt\/wp-content\/uploads\/2025\/12\/image-11-650x260.png 650w, https:\/\/museurealcompanhiavelha.pt\/wp-content\/uploads\/2025\/12\/image-11-250x100.png 250w, https:\/\/museurealcompanhiavelha.pt\/wp-content\/uploads\/2025\/12\/image-11-600x240.png 600w\" sizes=\"(max-width: 886px) 100vw, 886px\" \/><\/figure>\n\n\n\n<p>Every month the Museum of the Oldest Appellation in the World highlights one of the many objects that are part of the collection shown in our permanent exhibition. Come and discover the object of the month and find out more about our history.<\/p>\n\n\n\n<p>Along the River Douro, many obstacles made difficult it\u2019s navigation. The demolition of these obstacles allowed the navigability of the Douro River as far as the Spanish border, strengthening the production of Port Wine in the Upper Douro region. The destruction of the Cach\u00e3o da Valeira was one of several works undertaken by the Company, which took place between 1780 and 1792. The watercolour in question is displayed on the fourth exhibition section of our Museum, where the public works carried out by Real Companhia Velha are presented.<\/p>\n\n\n\n<div class=\"wp-block-group is-layout-grid wp-container-core-group-is-layout-9649a0d9 wp-block-group-is-layout-grid\">\n<p><strong>Author<br><\/strong>Jo\u00e3o Baptista Ribeiro<\/p>\n\n\n\n<p><strong>Technique<br><\/strong>Watercolour<\/p>\n\n\n\n<p><strong>Date<\/strong><br>1810<\/p>\n\n\n\n<p><strong>Collection<\/strong><br>Real Companhia Velha<\/p>\n\n\n\n<p><strong>Dimensions<\/strong><br>Width: 4,7 cm Height: 63,7 cm Length: 84,4 cm<\/p>\n<\/div>","protected":false},"excerpt":{"rendered":"<p>Pe\u00e7a do m\u00eas &#8211; dezembro, 2019 Todos os meses, o Museu da 1\u00aa Demarca\u00e7\u00e3o destaca uma das pe\u00e7as da exposi\u00e7\u00e3o permanente. Venha descobrir a pe\u00e7a&#8230;<\/p>","protected":false},"author":1,"featured_media":8434,"comment_status":"open","ping_status":"closed","template":"","meta":{"footnotes":""},"museum-category":[166],"museum-country":[],"museum-curator":[],"museum-director":[],"museum-tag":[],"class_list":["post-8430","museum","type-museum","status-publish","has-post-thumbnail","hentry","museum-category-acervo-museologico"],"_links":{"self":[{"href":"https:\/\/museurealcompanhiavelha.pt\/en\/wp-json\/wp\/v2\/museum\/8430","targetHints":{"allow":["GET"]}}],"collection":[{"href":"https:\/\/museurealcompanhiavelha.pt\/en\/wp-json\/wp\/v2\/museum"}],"about":[{"href":"https:\/\/museurealcompanhiavelha.pt\/en\/wp-json\/wp\/v2\/types\/museum"}],"author":[{"embeddable":true,"href":"https:\/\/museurealcompanhiavelha.pt\/en\/wp-json\/wp\/v2\/users\/1"}],"replies":[{"embeddable":true,"href":"https:\/\/museurealcompanhiavelha.pt\/en\/wp-json\/wp\/v2\/comments?post=8430"}],"version-history":[{"count":3,"href":"https:\/\/museurealcompanhiavelha.pt\/en\/wp-json\/wp\/v2\/museum\/8430\/revisions"}],"predecessor-version":[{"id":9786,"href":"https:\/\/museurealcompanhiavelha.pt\/en\/wp-json\/wp\/v2\/museum\/8430\/revisions\/9786"}],"wp:featuredmedia":[{"embeddable":true,"href":"https:\/\/museurealcompanhiavelha.pt\/en\/wp-json\/wp\/v2\/media\/8434"}],"wp:attachment":[{"href":"https:\/\/museurealcompanhiavelha.pt\/en\/wp-json\/wp\/v2\/media?parent=8430"}],"wp:term":[{"taxonomy":"museum-category","embeddable":true,"href":"https:\/\/museurealcompanhiavelha.pt\/en\/wp-json\/wp\/v2\/museum-category?post=8430"},{"taxonomy":"museum-country","embeddable":true,"href":"https:\/\/museurealcompanhiavelha.pt\/en\/wp-json\/wp\/v2\/museum-country?post=8430"},{"taxonomy":"museum-curator","embeddable":true,"href":"https:\/\/museurealcompanhiavelha.pt\/en\/wp-json\/wp\/v2\/museum-curator?post=8430"},{"taxonomy":"museum-director","embeddable":true,"href":"https:\/\/museurealcompanhiavelha.pt\/en\/wp-json\/wp\/v2\/museum-director?post=8430"},{"taxonomy":"museum-tag","embeddable":true,"href":"https:\/\/museurealcompanhiavelha.pt\/en\/wp-json\/wp\/v2\/museum-tag?post=8430"}],"curies":[{"name":"wp","href":"https:\/\/api.w.org\/{rel}","templated":true}]}}

Cachão da Valeira (before being demolished)

<h4 class="wp-block-heading has-text-color" style="color:#ad9a6d">Object of the Month – December, 2020</h4>



<figure class="wp-block-image size-full"><img fetchpriority="high" decoding="async" width="886" height="354" src="https://museurealcompanhiavelha.pt/wp-content/uploads/2025/12/image-11.png" alt="" class="wp-image-8431" title="" srcset="https://museurealcompanhiavelha.pt/wp-content/uploads/2025/12/image-11.png 886w, https://museurealcompanhiavelha.pt/wp-content/uploads/2025/12/image-11-300x120.png 300w, https://museurealcompanhiavelha.pt/wp-content/uploads/2025/12/image-11-768x307.png 768w, https://museurealcompanhiavelha.pt/wp-content/uploads/2025/12/image-11-18x7.png 18w, https://museurealcompanhiavelha.pt/wp-content/uploads/2025/12/image-11-415x166.png 415w, https://museurealcompanhiavelha.pt/wp-content/uploads/2025/12/image-11-650x260.png 650w, https://museurealcompanhiavelha.pt/wp-content/uploads/2025/12/image-11-250x100.png 250w, https://museurealcompanhiavelha.pt/wp-content/uploads/2025/12/image-11-600x240.png 600w" sizes="(max-width: 886px) 100vw, 886px" /></figure>



<p>Every month the Museum of the Oldest Appellation in the World highlights one of the many objects that are part of the collection shown in our permanent exhibition. Come and discover the object of the month and find out more about our history.</p>



<p>Along the River Douro, many obstacles made difficult it’s navigation. The demolition of these obstacles allowed the navigability of the Douro River as far as the Spanish border, strengthening the production of Port Wine in the Upper Douro region. The destruction of the Cachão da Valeira was one of several works undertaken by the Company, which took place between 1780 and 1792. The watercolour in question is displayed on the fourth exhibition section of our Museum, where the public works carried out by Real Companhia Velha are presented.</p>



<div class="wp-block-group is-layout-grid wp-container-core-group-is-layout-9649a0d9 wp-block-group-is-layout-grid">
<p><strong>Author<br></strong>João Baptista Ribeiro</p>



<p><strong>Technique<br></strong>Watercolour</p>



<p><strong>Date</strong><br>1810</p>



<p><strong>Collection</strong><br>Real Companhia Velha</p>



<p><strong>Dimensions</strong><br>Width: 4,7 cm Height: 63,7 cm Length: 84,4 cm</p>
</div>

<p>Peça do mês &#8211; dezembro, 2019 Todos os meses, o Museu da 1ª Demarcação destaca uma das peças da exposição permanente. Venha descobrir a peça&#8230;</p>
