{"id":8549,"date":"2025-12-20T10:33:54","date_gmt":"2025-12-20T10:33:54","guid":{"rendered":"https:\/\/museurealcompanhiavelha.pt\/?post_type=museum&#038;p=8549"},"modified":"2026-04-01T10:21:36","modified_gmt":"2026-04-01T10:21:36","slug":"cachao-da-valeira-apos-a-demolicao","status":"publish","type":"museum","link":"https:\/\/museurealcompanhiavelha.pt\/en\/museum\/cachao-da-valeira-apos-a-demolicao\/","title":{"rendered":"Cach\u00e3o da Valeira (after being demolished)"},"content":{"rendered":"<h4 class=\"wp-block-heading has-text-color\" style=\"color:#ad9a6d\">Object of the Month \u2013 December, 2021<\/h4>\n\n\n\n<figure class=\"wp-block-image size-full\"><img fetchpriority=\"high\" decoding=\"async\" width=\"886\" height=\"354\" src=\"https:\/\/museurealcompanhiavelha.pt\/wp-content\/uploads\/2025\/12\/image-34.png\" alt=\"\" class=\"wp-image-8550\" title=\"\" srcset=\"https:\/\/museurealcompanhiavelha.pt\/wp-content\/uploads\/2025\/12\/image-34.png 886w, https:\/\/museurealcompanhiavelha.pt\/wp-content\/uploads\/2025\/12\/image-34-300x120.png 300w, https:\/\/museurealcompanhiavelha.pt\/wp-content\/uploads\/2025\/12\/image-34-768x307.png 768w, https:\/\/museurealcompanhiavelha.pt\/wp-content\/uploads\/2025\/12\/image-34-18x7.png 18w, https:\/\/museurealcompanhiavelha.pt\/wp-content\/uploads\/2025\/12\/image-34-415x166.png 415w, https:\/\/museurealcompanhiavelha.pt\/wp-content\/uploads\/2025\/12\/image-34-650x260.png 650w, https:\/\/museurealcompanhiavelha.pt\/wp-content\/uploads\/2025\/12\/image-34-250x100.png 250w, https:\/\/museurealcompanhiavelha.pt\/wp-content\/uploads\/2025\/12\/image-34-600x240.png 600w\" sizes=\"(max-width: 886px) 100vw, 886px\" \/><\/figure>\n\n\n\n<p>Every month the Museum of the Oldest Appellation in the World highlights one of the many objects that are part of the collection shown in our permanent exhibition. Come and discover the object of the month and find out more about our history.<\/p>\n\n\n\n<p>As we have already highlighted, there were several obstacles to being able to navigate the Douro River in national territory. In this context, the destruction of the Cach\u00e3o da Valeira was one of the main works carried out by the Company, and took place between 1780 and 1792. The watercolour selected as object of month represents this area of the river that is now able to be navigated. It\u2019s displayed in the Museum\u2019s fourth exhibition part alongside with another watercolour that represents the Cach\u00e3o da Valeira still intact, before it\u2019s destruction.<\/p>\n\n\n\n<p>We remind you that the exhibition area where this piece is displayed, highlights many of the public works carried out by Real Companhia Velha, as a chartered Company. Those public works developed and shaped the entire Douro region and the city of Porto itself.<\/p>\n\n\n\n<div class=\"wp-block-group is-layout-grid wp-container-core-group-is-layout-9649a0d9 wp-block-group-is-layout-grid\">\n<p><strong>Author<br><\/strong>Jo\u00e3o Baptista Ribeiro<\/p>\n\n\n\n<p><strong>Material<br><\/strong>Watercolour<\/p>\n\n\n\n<p><strong>Date<\/strong><br>1810<\/p>\n\n\n\n<p><strong>Collection<\/strong><br>Real Companhia Velha<\/p>\n\n\n\n<p><strong>Dimensions<\/strong><br>Height: 64 cm x Length: 84,7 cm x Width: 4,7 cm<\/p>\n<\/div>","protected":false},"excerpt":{"rendered":"<p>Pe\u00e7a do m\u00eas &#8211; dezembro, 2021 Todos os meses, o Museu da 1\u00aa Demarca\u00e7\u00e3o destaca uma das pe\u00e7as da exposi\u00e7\u00e3o permanente. Venha descobrir a pe\u00e7a&#8230;<\/p>","protected":false},"author":1,"featured_media":8552,"comment_status":"open","ping_status":"closed","template":"","meta":{"footnotes":""},"museum-category":[166],"museum-country":[],"museum-curator":[],"museum-director":[],"museum-tag":[],"class_list":["post-8549","museum","type-museum","status-publish","has-post-thumbnail","hentry","museum-category-acervo-museologico"],"_links":{"self":[{"href":"https:\/\/museurealcompanhiavelha.pt\/en\/wp-json\/wp\/v2\/museum\/8549","targetHints":{"allow":["GET"]}}],"collection":[{"href":"https:\/\/museurealcompanhiavelha.pt\/en\/wp-json\/wp\/v2\/museum"}],"about":[{"href":"https:\/\/museurealcompanhiavelha.pt\/en\/wp-json\/wp\/v2\/types\/museum"}],"author":[{"embeddable":true,"href":"https:\/\/museurealcompanhiavelha.pt\/en\/wp-json\/wp\/v2\/users\/1"}],"replies":[{"embeddable":true,"href":"https:\/\/museurealcompanhiavelha.pt\/en\/wp-json\/wp\/v2\/comments?post=8549"}],"version-history":[{"count":3,"href":"https:\/\/museurealcompanhiavelha.pt\/en\/wp-json\/wp\/v2\/museum\/8549\/revisions"}],"predecessor-version":[{"id":9762,"href":"https:\/\/museurealcompanhiavelha.pt\/en\/wp-json\/wp\/v2\/museum\/8549\/revisions\/9762"}],"wp:featuredmedia":[{"embeddable":true,"href":"https:\/\/museurealcompanhiavelha.pt\/en\/wp-json\/wp\/v2\/media\/8552"}],"wp:attachment":[{"href":"https:\/\/museurealcompanhiavelha.pt\/en\/wp-json\/wp\/v2\/media?parent=8549"}],"wp:term":[{"taxonomy":"museum-category","embeddable":true,"href":"https:\/\/museurealcompanhiavelha.pt\/en\/wp-json\/wp\/v2\/museum-category?post=8549"},{"taxonomy":"museum-country","embeddable":true,"href":"https:\/\/museurealcompanhiavelha.pt\/en\/wp-json\/wp\/v2\/museum-country?post=8549"},{"taxonomy":"museum-curator","embeddable":true,"href":"https:\/\/museurealcompanhiavelha.pt\/en\/wp-json\/wp\/v2\/museum-curator?post=8549"},{"taxonomy":"museum-director","embeddable":true,"href":"https:\/\/museurealcompanhiavelha.pt\/en\/wp-json\/wp\/v2\/museum-director?post=8549"},{"taxonomy":"museum-tag","embeddable":true,"href":"https:\/\/museurealcompanhiavelha.pt\/en\/wp-json\/wp\/v2\/museum-tag?post=8549"}],"curies":[{"name":"wp","href":"https:\/\/api.w.org\/{rel}","templated":true}]}}

Cachão da Valeira (after being demolished)

<h4 class="wp-block-heading has-text-color" style="color:#ad9a6d">Object of the Month – December, 2021</h4>



<figure class="wp-block-image size-full"><img fetchpriority="high" decoding="async" width="886" height="354" src="https://museurealcompanhiavelha.pt/wp-content/uploads/2025/12/image-34.png" alt="" class="wp-image-8550" title="" srcset="https://museurealcompanhiavelha.pt/wp-content/uploads/2025/12/image-34.png 886w, https://museurealcompanhiavelha.pt/wp-content/uploads/2025/12/image-34-300x120.png 300w, https://museurealcompanhiavelha.pt/wp-content/uploads/2025/12/image-34-768x307.png 768w, https://museurealcompanhiavelha.pt/wp-content/uploads/2025/12/image-34-18x7.png 18w, https://museurealcompanhiavelha.pt/wp-content/uploads/2025/12/image-34-415x166.png 415w, https://museurealcompanhiavelha.pt/wp-content/uploads/2025/12/image-34-650x260.png 650w, https://museurealcompanhiavelha.pt/wp-content/uploads/2025/12/image-34-250x100.png 250w, https://museurealcompanhiavelha.pt/wp-content/uploads/2025/12/image-34-600x240.png 600w" sizes="(max-width: 886px) 100vw, 886px" /></figure>



<p>Every month the Museum of the Oldest Appellation in the World highlights one of the many objects that are part of the collection shown in our permanent exhibition. Come and discover the object of the month and find out more about our history.</p>



<p>As we have already highlighted, there were several obstacles to being able to navigate the Douro River in national territory. In this context, the destruction of the Cachão da Valeira was one of the main works carried out by the Company, and took place between 1780 and 1792. The watercolour selected as object of month represents this area of the river that is now able to be navigated. It’s displayed in the Museum’s fourth exhibition part alongside with another watercolour that represents the Cachão da Valeira still intact, before it’s destruction.</p>



<p>We remind you that the exhibition area where this piece is displayed, highlights many of the public works carried out by Real Companhia Velha, as a chartered Company. Those public works developed and shaped the entire Douro region and the city of Porto itself.</p>



<div class="wp-block-group is-layout-grid wp-container-core-group-is-layout-9649a0d9 wp-block-group-is-layout-grid">
<p><strong>Author<br></strong>João Baptista Ribeiro</p>



<p><strong>Material<br></strong>Watercolour</p>



<p><strong>Date</strong><br>1810</p>



<p><strong>Collection</strong><br>Real Companhia Velha</p>



<p><strong>Dimensions</strong><br>Height: 64 cm x Length: 84,7 cm x Width: 4,7 cm</p>
</div>

<p>Peça do mês &#8211; dezembro, 2021 Todos os meses, o Museu da 1ª Demarcação destaca uma das peças da exposição permanente. Venha descobrir a peça&#8230;</p>
