{"id":8518,"date":"2025-12-18T19:04:18","date_gmt":"2025-12-18T19:04:18","guid":{"rendered":"https:\/\/museurealcompanhiavelha.pt\/?post_type=museum&#038;p=8518"},"modified":"2026-04-01T10:28:00","modified_gmt":"2026-04-01T10:28:00","slug":"mascara-de-stencil-precioso","status":"publish","type":"museum","link":"https:\/\/museurealcompanhiavelha.pt\/es\/museum\/mascara-de-stencil-precioso\/","title":{"rendered":"Plantilla de estarcido \u201cPrecioso\u201d"},"content":{"rendered":"<h4 class=\"wp-block-heading has-text-color\" style=\"color:#ad9a6d\">Pieza del mes - junio, 2021<\/h4>\n\n\n\n<figure class=\"wp-block-image size-full\"><img fetchpriority=\"high\" decoding=\"async\" width=\"886\" height=\"354\" src=\"https:\/\/museurealcompanhiavelha.pt\/wp-content\/uploads\/2025\/12\/image-28.png\" alt=\"\" class=\"wp-image-8519\" title=\"\" srcset=\"https:\/\/museurealcompanhiavelha.pt\/wp-content\/uploads\/2025\/12\/image-28.png 886w, https:\/\/museurealcompanhiavelha.pt\/wp-content\/uploads\/2025\/12\/image-28-300x120.png 300w, https:\/\/museurealcompanhiavelha.pt\/wp-content\/uploads\/2025\/12\/image-28-768x307.png 768w, https:\/\/museurealcompanhiavelha.pt\/wp-content\/uploads\/2025\/12\/image-28-18x7.png 18w, https:\/\/museurealcompanhiavelha.pt\/wp-content\/uploads\/2025\/12\/image-28-415x166.png 415w, https:\/\/museurealcompanhiavelha.pt\/wp-content\/uploads\/2025\/12\/image-28-650x260.png 650w, https:\/\/museurealcompanhiavelha.pt\/wp-content\/uploads\/2025\/12\/image-28-250x100.png 250w, https:\/\/museurealcompanhiavelha.pt\/wp-content\/uploads\/2025\/12\/image-28-600x240.png 600w\" sizes=\"(max-width: 886px) 100vw, 886px\" \/><\/figure>\n\n\n\n<p>Cada mes, el Museo de la 1.\u00aa Demarcaci\u00f3n destaca una de las piezas de su exposici\u00f3n permanente. Le invitamos a descubrir la pieza del mes y a conocer m\u00e1s sobre nuestra historia.<\/p>\n\n\n\n<p>Las plantillas de estarcido eran moldes que se utilizaban para marcar las cajas y barriles en los que se transportaba el vino producido por la Real Companhia Velha tanto al mercado nacional como internacional. Estos moldes, que eran muy diversos, hac\u00edan referencia tanto al origen como al destino del vino, as\u00ed como a las cualidades que lo caracterizaban. En este caso concreto, la identificaci\u00f3n \u00abprecioso\u00bb alude a un lote espec\u00edfico del tipo de vino transportado, lo que indica que se consideraba un producto valioso, no solo para la Compa\u00f1\u00eda, sino tambi\u00e9n para el cliente al que iba destinado.<\/p>\n\n\n\n<p>La colecci\u00f3n de plantillas de estarcido, que incluye este ejemplo, puede verse en la sexta secci\u00f3n de la exposici\u00f3n permanente del Museo de la 1.\u00aa Demarcaci\u00f3n, que trata de los intercambios comerciales de la Real Companhia Velha y de su vocaci\u00f3n como marca exportadora de vinos a los destinos m\u00e1s diversos, abarcando los distintos continentes y sus respectivos mercados.<\/p>\n\n\n\n<div class=\"wp-block-group is-layout-grid wp-container-core-group-is-layout-9649a0d9 wp-block-group-is-layout-grid\">\n<p><strong>Material<br><\/strong>Metal recortado<\/p>\n\n\n\n<p><strong>Dataci\u00f3n<\/strong><br>S\/ fecha<\/p>\n\n\n\n<p><strong>Colecci\u00f3n<\/strong><br>Real Companhia Velha<\/p>\n\n\n\n<p><strong>Dimensiones<\/strong><br>Altura: 9,9 cm x Longitud: 25,6 cm x Anchura: 1 cm<\/p>\n<\/div>","protected":false},"excerpt":{"rendered":"<p>Pe\u00e7a do m\u00eas &#8211; junho, 2021 Todos os meses, o Museu da 1\u00aa Demarca\u00e7\u00e3o destaca uma das pe\u00e7as da exposi\u00e7\u00e3o permanente. Venha descobrir a pe\u00e7a&#8230;<\/p>","protected":false},"author":1,"featured_media":8521,"comment_status":"open","ping_status":"closed","template":"","meta":{"footnotes":""},"museum-category":[166],"museum-country":[],"museum-curator":[],"museum-director":[],"museum-tag":[],"class_list":["post-8518","museum","type-museum","status-publish","has-post-thumbnail","hentry","museum-category-acervo-museologico"],"_links":{"self":[{"href":"https:\/\/museurealcompanhiavelha.pt\/es\/wp-json\/wp\/v2\/museum\/8518","targetHints":{"allow":["GET"]}}],"collection":[{"href":"https:\/\/museurealcompanhiavelha.pt\/es\/wp-json\/wp\/v2\/museum"}],"about":[{"href":"https:\/\/museurealcompanhiavelha.pt\/es\/wp-json\/wp\/v2\/types\/museum"}],"author":[{"embeddable":true,"href":"https:\/\/museurealcompanhiavelha.pt\/es\/wp-json\/wp\/v2\/users\/1"}],"replies":[{"embeddable":true,"href":"https:\/\/museurealcompanhiavelha.pt\/es\/wp-json\/wp\/v2\/comments?post=8518"}],"version-history":[{"count":3,"href":"https:\/\/museurealcompanhiavelha.pt\/es\/wp-json\/wp\/v2\/museum\/8518\/revisions"}],"predecessor-version":[{"id":9768,"href":"https:\/\/museurealcompanhiavelha.pt\/es\/wp-json\/wp\/v2\/museum\/8518\/revisions\/9768"}],"wp:featuredmedia":[{"embeddable":true,"href":"https:\/\/museurealcompanhiavelha.pt\/es\/wp-json\/wp\/v2\/media\/8521"}],"wp:attachment":[{"href":"https:\/\/museurealcompanhiavelha.pt\/es\/wp-json\/wp\/v2\/media?parent=8518"}],"wp:term":[{"taxonomy":"museum-category","embeddable":true,"href":"https:\/\/museurealcompanhiavelha.pt\/es\/wp-json\/wp\/v2\/museum-category?post=8518"},{"taxonomy":"museum-country","embeddable":true,"href":"https:\/\/museurealcompanhiavelha.pt\/es\/wp-json\/wp\/v2\/museum-country?post=8518"},{"taxonomy":"museum-curator","embeddable":true,"href":"https:\/\/museurealcompanhiavelha.pt\/es\/wp-json\/wp\/v2\/museum-curator?post=8518"},{"taxonomy":"museum-director","embeddable":true,"href":"https:\/\/museurealcompanhiavelha.pt\/es\/wp-json\/wp\/v2\/museum-director?post=8518"},{"taxonomy":"museum-tag","embeddable":true,"href":"https:\/\/museurealcompanhiavelha.pt\/es\/wp-json\/wp\/v2\/museum-tag?post=8518"}],"curies":[{"name":"wp","href":"https:\/\/api.w.org\/{rel}","templated":true}]}}

<h4 class="wp-block-heading has-text-color" style="color:#ad9a6d">Pieza del mes - junio, 2021</h4>



<figure class="wp-block-image size-full"><img fetchpriority="high" decoding="async" width="886" height="354" src="https://museurealcompanhiavelha.pt/wp-content/uploads/2025/12/image-28.png" alt="" class="wp-image-8519" title="" srcset="https://museurealcompanhiavelha.pt/wp-content/uploads/2025/12/image-28.png 886w, https://museurealcompanhiavelha.pt/wp-content/uploads/2025/12/image-28-300x120.png 300w, https://museurealcompanhiavelha.pt/wp-content/uploads/2025/12/image-28-768x307.png 768w, https://museurealcompanhiavelha.pt/wp-content/uploads/2025/12/image-28-18x7.png 18w, https://museurealcompanhiavelha.pt/wp-content/uploads/2025/12/image-28-415x166.png 415w, https://museurealcompanhiavelha.pt/wp-content/uploads/2025/12/image-28-650x260.png 650w, https://museurealcompanhiavelha.pt/wp-content/uploads/2025/12/image-28-250x100.png 250w, https://museurealcompanhiavelha.pt/wp-content/uploads/2025/12/image-28-600x240.png 600w" sizes="(max-width: 886px) 100vw, 886px" /></figure>



<p>Cada mes, el Museo de la 1.ª Demarcación destaca una de las piezas de su exposición permanente. Le invitamos a descubrir la pieza del mes y a conocer más sobre nuestra historia.</p>



<p>Las plantillas de estarcido eran moldes que se utilizaban para marcar las cajas y barriles en los que se transportaba el vino producido por la Real Companhia Velha tanto al mercado nacional como internacional. Estos moldes, que eran muy diversos, hacían referencia tanto al origen como al destino del vino, así como a las cualidades que lo caracterizaban. En este caso concreto, la identificación «precioso» alude a un lote específico del tipo de vino transportado, lo que indica que se consideraba un producto valioso, no solo para la Compañía, sino también para el cliente al que iba destinado.</p>



<p>La colección de plantillas de estarcido, que incluye este ejemplo, puede verse en la sexta sección de la exposición permanente del Museo de la 1.ª Demarcación, que trata de los intercambios comerciales de la Real Companhia Velha y de su vocación como marca exportadora de vinos a los destinos más diversos, abarcando los distintos continentes y sus respectivos mercados.</p>



<div class="wp-block-group is-layout-grid wp-container-core-group-is-layout-9649a0d9 wp-block-group-is-layout-grid">
<p><strong>Material<br></strong>Metal recortado</p>



<p><strong>Datación</strong><br>S/ fecha</p>



<p><strong>Colección</strong><br>Real Companhia Velha</p>



<p><strong>Dimensiones</strong><br>Altura: 9,9 cm x Longitud: 25,6 cm x Anchura: 1 cm</p>
</div>

<p>Peça do mês &#8211; junho, 2021 Todos os meses, o Museu da 1ª Demarcação destaca uma das peças da exposição permanente. Venha descobrir a peça&#8230;</p>
