{"id":8426,"date":"2025-12-18T16:01:44","date_gmt":"2025-12-18T16:01:44","guid":{"rendered":"https:\/\/museurealcompanhiavelha.pt\/?post_type=museum&#038;p=8426"},"modified":"2026-04-01T10:58:00","modified_gmt":"2026-04-01T10:58:00","slug":"picareto","status":"publish","type":"museum","link":"https:\/\/museurealcompanhiavelha.pt\/fr\/museum\/picareto\/","title":{"rendered":"Pioche"},"content":{"rendered":"<h4 class=\"wp-block-heading has-text-color\" style=\"color:#ad9a6d\">Pi\u00e8ce du mois - novembre, 2019<\/h4>\n\n\n\n<figure class=\"wp-block-image size-full\"><img fetchpriority=\"high\" decoding=\"async\" width=\"886\" height=\"354\" src=\"https:\/\/museurealcompanhiavelha.pt\/wp-content\/uploads\/2025\/12\/image-10.png\" alt=\"\" class=\"wp-image-8427\" title=\"\" srcset=\"https:\/\/museurealcompanhiavelha.pt\/wp-content\/uploads\/2025\/12\/image-10.png 886w, https:\/\/museurealcompanhiavelha.pt\/wp-content\/uploads\/2025\/12\/image-10-300x120.png 300w, https:\/\/museurealcompanhiavelha.pt\/wp-content\/uploads\/2025\/12\/image-10-768x307.png 768w, https:\/\/museurealcompanhiavelha.pt\/wp-content\/uploads\/2025\/12\/image-10-18x7.png 18w, https:\/\/museurealcompanhiavelha.pt\/wp-content\/uploads\/2025\/12\/image-10-415x166.png 415w, https:\/\/museurealcompanhiavelha.pt\/wp-content\/uploads\/2025\/12\/image-10-650x260.png 650w, https:\/\/museurealcompanhiavelha.pt\/wp-content\/uploads\/2025\/12\/image-10-250x100.png 250w, https:\/\/museurealcompanhiavelha.pt\/wp-content\/uploads\/2025\/12\/image-10-600x240.png 600w\" sizes=\"(max-width: 886px) 100vw, 886px\" \/><\/figure>\n\n\n\n<p>Chaque mois, le Mus\u00e9e de la Plus Ancienne Appellation d\u2019Origine au Monde met en valeur l'une des pi\u00e8ces de l'exposition permanente. Venez d\u00e9couvrir la pi\u00e8ce du mois et apprenez-en plus sur notre Histoire.<\/p>\n\n\n\n<p>La pioche \u00e9tait utilis\u00e9e pour l'\u00e9pamprage, processus consistant \u00e0 couper les branches pr\u00e8s des racines du cep ainsi que les \u00ab pousses voleuses \u00bb afin de redonner de la vigueur \u00e0 la plante. Cet instrument fait partie de l'ensemble des outils et instruments agricoles qui ont fa\u00e7onn\u00e9 le paysage caract\u00e9ristique de la r\u00e9gion du Douro. Venez le voir dans le premier espace de l'exposition permanente du Mus\u00e9e de la Plus Ancienne Appellation d\u2019Origine au Monde o\u00f9 nous expliquons comment la situation politique et \u00e9conomique du Portugal au milieu du XVIIIe si\u00e8cle a conduit \u00e0 la cr\u00e9ation de la Real Companhia Velha en 1756.<\/p>\n\n\n\n<div class=\"wp-block-group is-layout-grid wp-container-core-group-is-layout-9649a0d9 wp-block-group-is-layout-grid\">\n<p><strong>Mat\u00e9riel<br><\/strong>Bois et fer<\/p>\n\n\n\n<p><strong>Datation<\/strong><br>XXe si\u00e8cle<\/p>\n\n\n\n<p><strong>Collection<\/strong><br>Real Companhia Velha<\/p>\n\n\n\n<p><strong>Dimensions<\/strong><br>Hauteur: 110 cm x Longueur: 23 cm x Largeur: 4,8 cm<\/p>\n<\/div>","protected":false},"excerpt":{"rendered":"<p>Pe\u00e7a do m\u00eas &#8211; novembro, 2019 Todos os meses, o Museu da 1\u00aa Demarca\u00e7\u00e3o destaca uma das pe\u00e7as da exposi\u00e7\u00e3o permanente. Venha descobrir a pe\u00e7a&#8230;<\/p>","protected":false},"author":1,"featured_media":8428,"comment_status":"open","ping_status":"closed","template":"","meta":{"footnotes":""},"museum-category":[166],"museum-country":[],"museum-curator":[],"museum-director":[],"museum-tag":[],"class_list":["post-8426","museum","type-museum","status-publish","has-post-thumbnail","hentry","museum-category-acervo-museologico"],"_links":{"self":[{"href":"https:\/\/museurealcompanhiavelha.pt\/fr\/wp-json\/wp\/v2\/museum\/8426","targetHints":{"allow":["GET"]}}],"collection":[{"href":"https:\/\/museurealcompanhiavelha.pt\/fr\/wp-json\/wp\/v2\/museum"}],"about":[{"href":"https:\/\/museurealcompanhiavelha.pt\/fr\/wp-json\/wp\/v2\/types\/museum"}],"author":[{"embeddable":true,"href":"https:\/\/museurealcompanhiavelha.pt\/fr\/wp-json\/wp\/v2\/users\/1"}],"replies":[{"embeddable":true,"href":"https:\/\/museurealcompanhiavelha.pt\/fr\/wp-json\/wp\/v2\/comments?post=8426"}],"version-history":[{"count":3,"href":"https:\/\/museurealcompanhiavelha.pt\/fr\/wp-json\/wp\/v2\/museum\/8426\/revisions"}],"predecessor-version":[{"id":9787,"href":"https:\/\/museurealcompanhiavelha.pt\/fr\/wp-json\/wp\/v2\/museum\/8426\/revisions\/9787"}],"wp:featuredmedia":[{"embeddable":true,"href":"https:\/\/museurealcompanhiavelha.pt\/fr\/wp-json\/wp\/v2\/media\/8428"}],"wp:attachment":[{"href":"https:\/\/museurealcompanhiavelha.pt\/fr\/wp-json\/wp\/v2\/media?parent=8426"}],"wp:term":[{"taxonomy":"museum-category","embeddable":true,"href":"https:\/\/museurealcompanhiavelha.pt\/fr\/wp-json\/wp\/v2\/museum-category?post=8426"},{"taxonomy":"museum-country","embeddable":true,"href":"https:\/\/museurealcompanhiavelha.pt\/fr\/wp-json\/wp\/v2\/museum-country?post=8426"},{"taxonomy":"museum-curator","embeddable":true,"href":"https:\/\/museurealcompanhiavelha.pt\/fr\/wp-json\/wp\/v2\/museum-curator?post=8426"},{"taxonomy":"museum-director","embeddable":true,"href":"https:\/\/museurealcompanhiavelha.pt\/fr\/wp-json\/wp\/v2\/museum-director?post=8426"},{"taxonomy":"museum-tag","embeddable":true,"href":"https:\/\/museurealcompanhiavelha.pt\/fr\/wp-json\/wp\/v2\/museum-tag?post=8426"}],"curies":[{"name":"wp","href":"https:\/\/api.w.org\/{rel}","templated":true}]}}

<h4 class="wp-block-heading has-text-color" style="color:#ad9a6d">Pièce du mois - novembre, 2019</h4>



<figure class="wp-block-image size-full"><img fetchpriority="high" decoding="async" width="886" height="354" src="https://museurealcompanhiavelha.pt/wp-content/uploads/2025/12/image-10.png" alt="" class="wp-image-8427" title="" srcset="https://museurealcompanhiavelha.pt/wp-content/uploads/2025/12/image-10.png 886w, https://museurealcompanhiavelha.pt/wp-content/uploads/2025/12/image-10-300x120.png 300w, https://museurealcompanhiavelha.pt/wp-content/uploads/2025/12/image-10-768x307.png 768w, https://museurealcompanhiavelha.pt/wp-content/uploads/2025/12/image-10-18x7.png 18w, https://museurealcompanhiavelha.pt/wp-content/uploads/2025/12/image-10-415x166.png 415w, https://museurealcompanhiavelha.pt/wp-content/uploads/2025/12/image-10-650x260.png 650w, https://museurealcompanhiavelha.pt/wp-content/uploads/2025/12/image-10-250x100.png 250w, https://museurealcompanhiavelha.pt/wp-content/uploads/2025/12/image-10-600x240.png 600w" sizes="(max-width: 886px) 100vw, 886px" /></figure>



<p>Chaque mois, le Musée de la Plus Ancienne Appellation d’Origine au Monde met en valeur l'une des pièces de l'exposition permanente. Venez découvrir la pièce du mois et apprenez-en plus sur notre Histoire.</p>



<p>La pioche était utilisée pour l'épamprage, processus consistant à couper les branches près des racines du cep ainsi que les « pousses voleuses » afin de redonner de la vigueur à la plante. Cet instrument fait partie de l'ensemble des outils et instruments agricoles qui ont façonné le paysage caractéristique de la région du Douro. Venez le voir dans le premier espace de l'exposition permanente du Musée de la Plus Ancienne Appellation d’Origine au Monde où nous expliquons comment la situation politique et économique du Portugal au milieu du XVIIIe siècle a conduit à la création de la Real Companhia Velha en 1756.</p>



<div class="wp-block-group is-layout-grid wp-container-core-group-is-layout-9649a0d9 wp-block-group-is-layout-grid">
<p><strong>Matériel<br></strong>Bois et fer</p>



<p><strong>Datation</strong><br>XXe siècle</p>



<p><strong>Collection</strong><br>Real Companhia Velha</p>



<p><strong>Dimensions</strong><br>Hauteur: 110 cm x Longueur: 23 cm x Largeur: 4,8 cm</p>
</div>

<p>Peça do mês &#8211; novembro, 2019 Todos os meses, o Museu da 1ª Demarcação destaca uma das peças da exposição permanente. Venha descobrir a peça&#8230;</p>
