{"id":8549,"date":"2025-12-20T10:33:54","date_gmt":"2025-12-20T10:33:54","guid":{"rendered":"https:\/\/museurealcompanhiavelha.pt\/?post_type=museum&#038;p=8549"},"modified":"2026-04-01T10:21:36","modified_gmt":"2026-04-01T10:21:36","slug":"cachao-da-valeira-apos-a-demolicao","status":"publish","type":"museum","link":"https:\/\/museurealcompanhiavelha.pt\/fr\/museum\/cachao-da-valeira-apos-a-demolicao\/","title":{"rendered":"Cach\u00e3o da Valeira (apr\u00e8s la d\u00e9molition)"},"content":{"rendered":"<h4 class=\"wp-block-heading has-text-color\" style=\"color:#ad9a6d\">Pi\u00e8ce du mois \u2013 d\u00e9cembre, 2021<\/h4>\n\n\n\n<figure class=\"wp-block-image size-full\"><img fetchpriority=\"high\" decoding=\"async\" width=\"886\" height=\"354\" src=\"https:\/\/museurealcompanhiavelha.pt\/wp-content\/uploads\/2025\/12\/image-34.png\" alt=\"\" class=\"wp-image-8550\" title=\"\" srcset=\"https:\/\/museurealcompanhiavelha.pt\/wp-content\/uploads\/2025\/12\/image-34.png 886w, https:\/\/museurealcompanhiavelha.pt\/wp-content\/uploads\/2025\/12\/image-34-300x120.png 300w, https:\/\/museurealcompanhiavelha.pt\/wp-content\/uploads\/2025\/12\/image-34-768x307.png 768w, https:\/\/museurealcompanhiavelha.pt\/wp-content\/uploads\/2025\/12\/image-34-18x7.png 18w, https:\/\/museurealcompanhiavelha.pt\/wp-content\/uploads\/2025\/12\/image-34-415x166.png 415w, https:\/\/museurealcompanhiavelha.pt\/wp-content\/uploads\/2025\/12\/image-34-650x260.png 650w, https:\/\/museurealcompanhiavelha.pt\/wp-content\/uploads\/2025\/12\/image-34-250x100.png 250w, https:\/\/museurealcompanhiavelha.pt\/wp-content\/uploads\/2025\/12\/image-34-600x240.png 600w\" sizes=\"(max-width: 886px) 100vw, 886px\" \/><\/figure>\n\n\n\n<p>Chaque mois, le Mus\u00e9e de la Plus Ancienne Appellation d\u2019Origine au Monde met en valeur l'une des pi\u00e8ces de l'exposition permanente. Venez d\u00e9couvrir la pi\u00e8ce du mois et apprenez-en plus sur notre Histoire.<\/p>\n\n\n\n<p>Comme nous l'avons d\u00e9j\u00e0 mentionn\u00e9, plusieurs obstacles emp\u00eachaient la navigabilit\u00e9 totale du fleuve Douro au Portugal. Dans ce contexte, la destruction du Cach\u00e3o da Valeira a \u00e9t\u00e9 l'un des principaux chantiers men\u00e9s par la Compagnie, entre 1780 et 1792. L'aquarelle en question repr\u00e9sente cette partie du fleuve d\u00e9j\u00e0 navigable et est expos\u00e9e dans le quatri\u00e8me espace d'exposition de notre Mus\u00e9e, aux c\u00f4t\u00e9s d'une autre aquarelle repr\u00e9sentant le Cach\u00e3o da Valeira encore intact.<\/p>\n\n\n\n<p>Nous rappelons que l'espace d'exposition o\u00f9 se trouve cette pi\u00e8ce met en valeur les diff\u00e9rents travaux publics r\u00e9alis\u00e9s par la Real Companhia Velha, lors de sa premi\u00e8re phase, en tant que Compagnie plac\u00e9e sous l'autorit\u00e9 royale. Ces travaux ont dynamis\u00e9 et fa\u00e7onn\u00e9 toute la r\u00e9gion du Douro et la ville de Porto elle-m\u00eame.<\/p>\n\n\n\n<div class=\"wp-block-group is-layout-grid wp-container-core-group-is-layout-9649a0d9 wp-block-group-is-layout-grid\">\n<p><strong>Auteur<br><\/strong>Jo\u00e3o Baptista Ribeiro<\/p>\n\n\n\n<p><strong>Mat\u00e9riel<br><\/strong>Aquarelle<\/p>\n\n\n\n<p><strong>Datation<\/strong><br>1810<\/p>\n\n\n\n<p><strong>Collection<\/strong><br>Real Companhia Velha<\/p>\n\n\n\n<p><strong>Dimensions<\/strong><br>Hauteur: 64 cm x Longueur: 84,7 cm x Largeur: 4,7 cm<\/p>\n<\/div>","protected":false},"excerpt":{"rendered":"<p>Pe\u00e7a do m\u00eas &#8211; dezembro, 2021 Todos os meses, o Museu da 1\u00aa Demarca\u00e7\u00e3o destaca uma das pe\u00e7as da exposi\u00e7\u00e3o permanente. Venha descobrir a pe\u00e7a&#8230;<\/p>","protected":false},"author":1,"featured_media":8552,"comment_status":"open","ping_status":"closed","template":"","meta":{"footnotes":""},"museum-category":[166],"museum-country":[],"museum-curator":[],"museum-director":[],"museum-tag":[],"class_list":["post-8549","museum","type-museum","status-publish","has-post-thumbnail","hentry","museum-category-acervo-museologico"],"_links":{"self":[{"href":"https:\/\/museurealcompanhiavelha.pt\/fr\/wp-json\/wp\/v2\/museum\/8549","targetHints":{"allow":["GET"]}}],"collection":[{"href":"https:\/\/museurealcompanhiavelha.pt\/fr\/wp-json\/wp\/v2\/museum"}],"about":[{"href":"https:\/\/museurealcompanhiavelha.pt\/fr\/wp-json\/wp\/v2\/types\/museum"}],"author":[{"embeddable":true,"href":"https:\/\/museurealcompanhiavelha.pt\/fr\/wp-json\/wp\/v2\/users\/1"}],"replies":[{"embeddable":true,"href":"https:\/\/museurealcompanhiavelha.pt\/fr\/wp-json\/wp\/v2\/comments?post=8549"}],"version-history":[{"count":3,"href":"https:\/\/museurealcompanhiavelha.pt\/fr\/wp-json\/wp\/v2\/museum\/8549\/revisions"}],"predecessor-version":[{"id":9762,"href":"https:\/\/museurealcompanhiavelha.pt\/fr\/wp-json\/wp\/v2\/museum\/8549\/revisions\/9762"}],"wp:featuredmedia":[{"embeddable":true,"href":"https:\/\/museurealcompanhiavelha.pt\/fr\/wp-json\/wp\/v2\/media\/8552"}],"wp:attachment":[{"href":"https:\/\/museurealcompanhiavelha.pt\/fr\/wp-json\/wp\/v2\/media?parent=8549"}],"wp:term":[{"taxonomy":"museum-category","embeddable":true,"href":"https:\/\/museurealcompanhiavelha.pt\/fr\/wp-json\/wp\/v2\/museum-category?post=8549"},{"taxonomy":"museum-country","embeddable":true,"href":"https:\/\/museurealcompanhiavelha.pt\/fr\/wp-json\/wp\/v2\/museum-country?post=8549"},{"taxonomy":"museum-curator","embeddable":true,"href":"https:\/\/museurealcompanhiavelha.pt\/fr\/wp-json\/wp\/v2\/museum-curator?post=8549"},{"taxonomy":"museum-director","embeddable":true,"href":"https:\/\/museurealcompanhiavelha.pt\/fr\/wp-json\/wp\/v2\/museum-director?post=8549"},{"taxonomy":"museum-tag","embeddable":true,"href":"https:\/\/museurealcompanhiavelha.pt\/fr\/wp-json\/wp\/v2\/museum-tag?post=8549"}],"curies":[{"name":"wp","href":"https:\/\/api.w.org\/{rel}","templated":true}]}}

Cachão da Valeira (après la démolition)

<h4 class="wp-block-heading has-text-color" style="color:#ad9a6d">Pièce du mois – décembre, 2021</h4>



<figure class="wp-block-image size-full"><img fetchpriority="high" decoding="async" width="886" height="354" src="https://museurealcompanhiavelha.pt/wp-content/uploads/2025/12/image-34.png" alt="" class="wp-image-8550" title="" srcset="https://museurealcompanhiavelha.pt/wp-content/uploads/2025/12/image-34.png 886w, https://museurealcompanhiavelha.pt/wp-content/uploads/2025/12/image-34-300x120.png 300w, https://museurealcompanhiavelha.pt/wp-content/uploads/2025/12/image-34-768x307.png 768w, https://museurealcompanhiavelha.pt/wp-content/uploads/2025/12/image-34-18x7.png 18w, https://museurealcompanhiavelha.pt/wp-content/uploads/2025/12/image-34-415x166.png 415w, https://museurealcompanhiavelha.pt/wp-content/uploads/2025/12/image-34-650x260.png 650w, https://museurealcompanhiavelha.pt/wp-content/uploads/2025/12/image-34-250x100.png 250w, https://museurealcompanhiavelha.pt/wp-content/uploads/2025/12/image-34-600x240.png 600w" sizes="(max-width: 886px) 100vw, 886px" /></figure>



<p>Chaque mois, le Musée de la Plus Ancienne Appellation d’Origine au Monde met en valeur l'une des pièces de l'exposition permanente. Venez découvrir la pièce du mois et apprenez-en plus sur notre Histoire.</p>



<p>Comme nous l'avons déjà mentionné, plusieurs obstacles empêchaient la navigabilité totale du fleuve Douro au Portugal. Dans ce contexte, la destruction du Cachão da Valeira a été l'un des principaux chantiers menés par la Compagnie, entre 1780 et 1792. L'aquarelle en question représente cette partie du fleuve déjà navigable et est exposée dans le quatrième espace d'exposition de notre Musée, aux côtés d'une autre aquarelle représentant le Cachão da Valeira encore intact.</p>



<p>Nous rappelons que l'espace d'exposition où se trouve cette pièce met en valeur les différents travaux publics réalisés par la Real Companhia Velha, lors de sa première phase, en tant que Compagnie placée sous l'autorité royale. Ces travaux ont dynamisé et façonné toute la région du Douro et la ville de Porto elle-même.</p>



<div class="wp-block-group is-layout-grid wp-container-core-group-is-layout-9649a0d9 wp-block-group-is-layout-grid">
<p><strong>Auteur<br></strong>João Baptista Ribeiro</p>



<p><strong>Matériel<br></strong>Aquarelle</p>



<p><strong>Datation</strong><br>1810</p>



<p><strong>Collection</strong><br>Real Companhia Velha</p>



<p><strong>Dimensions</strong><br>Hauteur: 64 cm x Longueur: 84,7 cm x Largeur: 4,7 cm</p>
</div>

<p>Peça do mês &#8211; dezembro, 2021 Todos os meses, o Museu da 1ª Demarcação destaca uma das peças da exposição permanente. Venha descobrir a peça&#8230;</p>
