{"id":8502,"date":"2025-12-18T17:36:21","date_gmt":"2025-12-18T17:36:21","guid":{"rendered":"https:\/\/museurealcompanhiavelha.pt\/?post_type=museum&#038;p=8502"},"modified":"2026-04-01T10:32:34","modified_gmt":"2026-04-01T10:32:34","slug":"fotografia-casa-da-companhia","status":"publish","type":"museum","link":"https:\/\/museurealcompanhiavelha.pt\/pt\/museum\/fotografia-casa-da-companhia\/","title":{"rendered":"Fotografia \u2013 Casa da Companhia"},"content":{"rendered":"\n<h4 class=\"wp-block-heading has-text-color\" style=\"color:#ad9a6d\">Pe\u00e7a do m\u00eas &#8211; mar\u00e7o, 2021<\/h4>\n\n\n\n<figure class=\"wp-block-image size-full\"><img fetchpriority=\"high\" decoding=\"async\" width=\"886\" height=\"658\" src=\"https:\/\/museurealcompanhiavelha.pt\/wp-content\/uploads\/2025\/12\/image-25.png\" alt=\"\" class=\"wp-image-8503\" title=\"\" srcset=\"https:\/\/museurealcompanhiavelha.pt\/wp-content\/uploads\/2025\/12\/image-25.png 886w, https:\/\/museurealcompanhiavelha.pt\/wp-content\/uploads\/2025\/12\/image-25-300x223.png 300w, https:\/\/museurealcompanhiavelha.pt\/wp-content\/uploads\/2025\/12\/image-25-768x570.png 768w, https:\/\/museurealcompanhiavelha.pt\/wp-content\/uploads\/2025\/12\/image-25-16x12.png 16w, https:\/\/museurealcompanhiavelha.pt\/wp-content\/uploads\/2025\/12\/image-25-415x308.png 415w, https:\/\/museurealcompanhiavelha.pt\/wp-content\/uploads\/2025\/12\/image-25-650x483.png 650w, https:\/\/museurealcompanhiavelha.pt\/wp-content\/uploads\/2025\/12\/image-25-250x186.png 250w, https:\/\/museurealcompanhiavelha.pt\/wp-content\/uploads\/2025\/12\/image-25-600x446.png 600w\" sizes=\"(max-width: 886px) 100vw, 886px\" \/><\/figure>\n\n\n\n<p>Todos os meses, o Museu da 1\u00aa Demarca\u00e7\u00e3o destaca uma das pe\u00e7as da exposi\u00e7\u00e3o permanente. Venha descobrir a pe\u00e7a do m\u00eas e fique a conhecer mais sobre a nossa Hist\u00f3ria.<\/p>\n\n\n\n<p>A antiga Casa da Companhia, \u00e9 um dos locais mais ic\u00f3nicos relacionados com a Hist\u00f3ria da Real Companhia, tendo sido a sede desta empresa at\u00e9 1961, ano em que a empresa se desloca definitivamente para Vila Nova de Gaia. Esta casa quinhentista ser\u00e1 um dos locais referenciados num projeto de an\u00e1lise hist\u00f3rica que est\u00e1 a ser desenvolvido pelo Museu da 1\u00aa Demarca\u00e7\u00e3o e que muito brevemente ser\u00e1 disponibilizado <em>online<\/em>.<\/p>\n\n\n\n<p>A fotografia selecionada enquanto pe\u00e7a do m\u00eas de mar\u00e7o pertence \u00e0 cole\u00e7\u00e3o do fot\u00f3grafo Domingos Alv\u00e3o, da qual foram selecionadas treze fotografias que se encontram expostas no \u00faltimo n\u00facleo expositivo do nosso Museu.<\/p>\n\n\n\n<div class=\"wp-block-group is-layout-grid wp-container-core-group-is-layout-9649a0d9 wp-block-group-is-layout-grid\">\n<p><strong>Fotografo<br><\/strong>Domingos Alv\u00e3o<\/p>\n\n\n\n<p><strong>Material<br><\/strong>Papel<\/p>\n\n\n\n<p><strong>Data\u00e7\u00e3o<\/strong><br>S\/ data<\/p>\n\n\n\n<p><strong>Processo fotogr\u00e1fico<\/strong><br>Gelatina sal de prata<\/p>\n\n\n\n<p><strong>Cole\u00e7\u00e3o<\/strong><br>Real Companhia Velha<\/p>\n\n\n\n<p><strong>Dimens\u00f5es<\/strong><br>A. 16,5 cm x C. 21,5 cm<\/p>\n<\/div>\n","protected":false},"excerpt":{"rendered":"<p>Pe\u00e7a do m\u00eas &#8211; mar\u00e7o, 2021 Todos os meses, o Museu da 1\u00aa Demarca\u00e7\u00e3o destaca uma das pe\u00e7as da exposi\u00e7\u00e3o permanente. Venha descobrir a pe\u00e7a&#8230;<\/p>\n","protected":false},"author":1,"featured_media":8505,"comment_status":"open","ping_status":"closed","template":"","meta":{"footnotes":""},"museum-category":[166],"museum-country":[],"museum-curator":[],"museum-director":[],"museum-tag":[],"class_list":["post-8502","museum","type-museum","status-publish","has-post-thumbnail","hentry","museum-category-acervo-museologico"],"_links":{"self":[{"href":"https:\/\/museurealcompanhiavelha.pt\/pt\/wp-json\/wp\/v2\/museum\/8502","targetHints":{"allow":["GET"]}}],"collection":[{"href":"https:\/\/museurealcompanhiavelha.pt\/pt\/wp-json\/wp\/v2\/museum"}],"about":[{"href":"https:\/\/museurealcompanhiavelha.pt\/pt\/wp-json\/wp\/v2\/types\/museum"}],"author":[{"embeddable":true,"href":"https:\/\/museurealcompanhiavelha.pt\/pt\/wp-json\/wp\/v2\/users\/1"}],"replies":[{"embeddable":true,"href":"https:\/\/museurealcompanhiavelha.pt\/pt\/wp-json\/wp\/v2\/comments?post=8502"}],"version-history":[{"count":3,"href":"https:\/\/museurealcompanhiavelha.pt\/pt\/wp-json\/wp\/v2\/museum\/8502\/revisions"}],"predecessor-version":[{"id":9771,"href":"https:\/\/museurealcompanhiavelha.pt\/pt\/wp-json\/wp\/v2\/museum\/8502\/revisions\/9771"}],"wp:featuredmedia":[{"embeddable":true,"href":"https:\/\/museurealcompanhiavelha.pt\/pt\/wp-json\/wp\/v2\/media\/8505"}],"wp:attachment":[{"href":"https:\/\/museurealcompanhiavelha.pt\/pt\/wp-json\/wp\/v2\/media?parent=8502"}],"wp:term":[{"taxonomy":"museum-category","embeddable":true,"href":"https:\/\/museurealcompanhiavelha.pt\/pt\/wp-json\/wp\/v2\/museum-category?post=8502"},{"taxonomy":"museum-country","embeddable":true,"href":"https:\/\/museurealcompanhiavelha.pt\/pt\/wp-json\/wp\/v2\/museum-country?post=8502"},{"taxonomy":"museum-curator","embeddable":true,"href":"https:\/\/museurealcompanhiavelha.pt\/pt\/wp-json\/wp\/v2\/museum-curator?post=8502"},{"taxonomy":"museum-director","embeddable":true,"href":"https:\/\/museurealcompanhiavelha.pt\/pt\/wp-json\/wp\/v2\/museum-director?post=8502"},{"taxonomy":"museum-tag","embeddable":true,"href":"https:\/\/museurealcompanhiavelha.pt\/pt\/wp-json\/wp\/v2\/museum-tag?post=8502"}],"curies":[{"name":"wp","href":"https:\/\/api.w.org\/{rel}","templated":true}]}}

<h4 class="wp-block-heading has-text-color" style="color:#ad9a6d">Peça do mês &#8211; março, 2021</h4>



<figure class="wp-block-image size-full"><img fetchpriority="high" decoding="async" width="886" height="658" src="https://museurealcompanhiavelha.pt/wp-content/uploads/2025/12/image-25.png" alt="" class="wp-image-8503" title="" srcset="https://museurealcompanhiavelha.pt/wp-content/uploads/2025/12/image-25.png 886w, https://museurealcompanhiavelha.pt/wp-content/uploads/2025/12/image-25-300x223.png 300w, https://museurealcompanhiavelha.pt/wp-content/uploads/2025/12/image-25-768x570.png 768w, https://museurealcompanhiavelha.pt/wp-content/uploads/2025/12/image-25-16x12.png 16w, https://museurealcompanhiavelha.pt/wp-content/uploads/2025/12/image-25-415x308.png 415w, https://museurealcompanhiavelha.pt/wp-content/uploads/2025/12/image-25-650x483.png 650w, https://museurealcompanhiavelha.pt/wp-content/uploads/2025/12/image-25-250x186.png 250w, https://museurealcompanhiavelha.pt/wp-content/uploads/2025/12/image-25-600x446.png 600w" sizes="(max-width: 886px) 100vw, 886px" /></figure>



<p>Todos os meses, o Museu da 1ª Demarcação destaca uma das peças da exposição permanente. Venha descobrir a peça do mês e fique a conhecer mais sobre a nossa História.</p>



<p>A antiga Casa da Companhia, é um dos locais mais icónicos relacionados com a História da Real Companhia, tendo sido a sede desta empresa até 1961, ano em que a empresa se desloca definitivamente para Vila Nova de Gaia. Esta casa quinhentista será um dos locais referenciados num projeto de análise histórica que está a ser desenvolvido pelo Museu da 1ª Demarcação e que muito brevemente será disponibilizado <em>online</em>.</p>



<p>A fotografia selecionada enquanto peça do mês de março pertence à coleção do fotógrafo Domingos Alvão, da qual foram selecionadas treze fotografias que se encontram expostas no último núcleo expositivo do nosso Museu.</p>



<div class="wp-block-group is-layout-grid wp-container-core-group-is-layout-9649a0d9 wp-block-group-is-layout-grid">
<p><strong>Fotografo<br></strong>Domingos Alvão</p>



<p><strong>Material<br></strong>Papel</p>



<p><strong>Datação</strong><br>S/ data</p>



<p><strong>Processo fotográfico</strong><br>Gelatina sal de prata</p>



<p><strong>Coleção</strong><br>Real Companhia Velha</p>



<p><strong>Dimensões</strong><br>A. 16,5 cm x C. 21,5 cm</p>
</div>

<p>Peça do mês &#8211; março, 2021 Todos os meses, o Museu da 1ª Demarcação destaca uma das peças da exposição permanente. Venha descobrir a peça&#8230;</p>
